))/((-2)/(-64)).
2
What are the prime factors of (281 - 2) + (-6)/(2 + 0)?
2, 3, 23
Let i(c) = -5*c - 5. List the prime factors of i(-4).
3, 5
Let i be (0 - 0)/(5 + -6). Suppose a = d - 49, i = -2*a - 0*a + 6. What are the prime factors of d?
2, 13
Suppose -7 + 118 = 3*i. What are the prime factors of i?
37
Suppose 3*b = -4*m + 23, -6*m + m = 5*b - 30. Suppose 0 = -m*g + 2*g - d + 28, 0 = -5*g + 5*d + 20. List the prime factors of g.
2
Let y(g) = g**2 + 8*g. List the prime factors of y(-9).
3
Let w = -540 + 771. What are the prime factors of w?
3, 7, 11
Suppose -5*s = -6 + 26. Let v = s - -16. What are the prime factors of v?
2, 3
Let t = -397 + 732. What are the prime factors of t?
5, 67
Let w(i) = -i**3 + 10. Let c be w(0). Suppose c + 0 = -5*z. List the prime factors of z*2/(-4)*11.
11
Let y = 0 + 3. Suppose y*q = 12, 2*q + 24 = 2*l + 5*q. What are the prime factors of l?
2, 3
Let q = 24 - 16. Suppose 3*v + 25 = q*v. What are the prime factors of v?
5
Let z(p) = -1. Let g(w) = w + 6. Let r(f) = -g(f) + z(f). Let o = 9 + -22. List the prime factors of r(o).
2, 3
Let k(j) = 8 + 1 - 6 - j**2. Let d be k(-4). What are the prime factors of 2/1*d/(-2)?
13
Let g = -326 - -229. What are the prime factors of (-9)/18*(1 + g)?
2, 3
Let z(w) be the second derivative of -w**4/8 - w**3/6 - 3*w**2/2 + 3*w. Let i(l) be the first derivative of z(l). What are the prime factors of i(-3)?
2
Let m = -32 - -18. Let t be 46/m + (-4)/(-14). Let c = t - -6. List the prime factors of c.
3
Let q be 4/(-10) + 44/10. Let n = 4 - q. Let y = 18 + n. List the prime factors of y.
2, 3
Let t = -9 + 5. Let k be ((-1)/(-2))/(t/(-8)). What are the prime factors of (18/6)/(k/3)?
3
What are the prime factors of ((-3)/2)/((-13)/130)?
3, 5
Let y(h) = -h**3 + 6*h**2 - h + 1. Let m = -8 + 12. Let f be y(m). Let u = -21 + f. What are the prime factors of u?
2
Suppose 6*d = 55 + 89. List the prime factors of d.
2, 3
Suppose 15 = -o + 1. Let w = -1 - o. What are the prime factors of w?
13
Let m(g) = -2*g + 1. Let q be 3/18*4*-6. What are the prime factors of m(q)?
3
Let y = -113 + 192. What are the prime factors of y?
79
Let n(o) = o - 1. Let w(v) = 2*v - 3. Let m be 12/(-8) - (-2)/(-4). Let b(a) = m*w(a) + 5*n(a). List the prime factors of b(6).
7
Let w = -5 + 8. Suppose -l = w*l - 88. What are the prime factors of l?
2, 11
Suppose 2*o + 96 = 5*u, -3*u + 0*o + 63 = -3*o. Suppose 4*k - k = -12, -5*l + 2*k = -u. List the prime factors of l.
2
Let d be 6*-1*(-2)/3. Suppose -4*m - 93 = -z + m, d*m + 156 = 2*z. Suppose 0 = -4*r + z. What are the prime factors of r?
17
Let h(k) = k - 1. Let b be h(3). Suppose -2*a - 2*f + 20 = 0, -a = 5*f - 3*f - 11. Suppose -a = -b*r - 1. What are the prime factors of r?
2
Let w = -29 - -8. Let n = -16 - w. What are the prime factors of n?
5
Suppose -2*r = -2*w + 50, 2*w = 5*r + 13 + 109. Let m = 42 + r. What are the prime factors of m?
2, 3
Suppose -2*d = 5*k - 490, 4*k + 4*d = -0*d + 404. What are the prime factors of k?
2, 3
Let p(f) = -f + 9. Let z be p(0). Let k(y) = y**3 - 10*y**2 + 11*y + 5. List the prime factors of k(z).
23
Suppose 2*x = -5*l + 3*x + 16, -3*l + x = -8. Let j = l - 2. Suppose -f - 3 = -j*f. List the prime factors of f.
3
Let u(r) = r**3 + 17*r**2 + 11*r - 20. What are the prime factors of u(-16)?
2, 3, 5
Let m be 10/(-25) - 44/(-10). Suppose 16 = -m*b - 4. Let z = b + 9. What are the prime factors of z?
2
Let m(n) = -15*n - 7. List the prime factors of m(-7).
2, 7
Suppose 3*z + 82 = 5*o, -4*z + 2 = 2*o - 10. Let t be (3 - 1)*7/(-2). List the prime factors of 4/o*-1*t.
2
Suppose -5*n = 4*q - 14, 0 = -n + 5*n - 5*q - 3. Suppose -f = n*f. Suppose j + 1 = 0, -4*y = -f*y - 5*j - 85. What are the prime factors of y?
2, 5
Let t(n) = 2*n**3 + n - 1. Let a be t(-3). Let c = 101 + a. List the prime factors of c.
43
Let r(c) = c**2 + 11*c + 5. Let n be r(-8). Let v = -11 - n. List the prime factors of v.
2
Let r = 460 - 100. List the prime factors of r.
2, 3, 5
Let r be -1 + 24/2 + 0. Suppose -2*s + 1 = -r. List the prime factors of s.
2, 3
Suppose -3*h - 35 = 2*h. Let t = h + 11. Suppose -t*d = d - 20. What are the prime factors of d?
2
Let l(h) be the third derivative of -h**6/120 + h**5/12 + 7*h**4/24 - h**3/3 - h**2. List the prime factors of l(6).
2
Let q(z) = -6*z**3 - z**2 + 2*z + 2. List the prime factors of q(-1).
5
Let g = 10 - 19. Let u be (-32)/(-18) - 2/g. Suppose 3 + 3 = u*i - 4*o, -i - 2*o = -15. What are the prime factors of i?
3
Suppose d + 4*d - 290 = 0. What are the prime factors of d?
2, 29
Suppose k + 0*k + 1 = 0, 68 = a - 3*k. What are the prime factors of a?
5, 13
Let l = 55 + -10. What are the prime factors of l?
3, 5
Suppose 0 = -3*a + m + 360, 4*a + 8*m - 493 = 5*m. List the prime factors of a.
11
Let j = 14 + -8. Let i = j - 30. Let p = -17 - i. List the prime factors of p.
7
Suppose 3*q = 2*q + 115. Suppose 4*m - 415 = -q. Suppose -4*y + m = y. What are the prime factors of y?
3, 5
Suppose -2*p = -3*t + 91 + 170, -4*t = 5*p - 348. What are the prime factors of t?
3, 29
Let g = 442 + -315. What are the prime factors of g?
127
Suppose -6*l - 32 = -860. What are the prime factors of l?
2, 3, 23
Suppose 3*k + k + 32 = -p, -5*p - 5*k = 100. List the prime factors of (-2)/8 + (-132)/p.
2
Let p(c) = 10*c + 12. What are the prime factors of p(7)?
2, 41
Let k(y) = -8*y - 40. Let a(q) = 5*q + 27. Let i(d) = 7*a(d) + 5*k(d). What are the prime factors of i(-5)?
2, 7
Let o be 35/28*4/1. Suppose -5*p = 2*r - o, 0 = -2*r - 2*r - 4*p + 16. List the prime factors of r.
5
Suppose -15 = z + 3. Suppose 5*b - 222 + 62 = 0. Let q = z + b. What are the prime factors of q?
2, 7
Let t = 36 - 26. List the prime factors of t.
2, 5
Suppose 4*g - 2*b = 12 - 4, -4*b = 4*g + 16. Suppose -5*d + 82 = 4*q, g*q + 46 = 3*q - 4*d. What are the prime factors of q?
2, 3
Let g = -50 - -35. Let h = -7 - g. List the prime factors of h.
2
Suppose -11*v = -3335 + 794. What are the prime factors of v?
3, 7, 11
Suppose -r - 4*r - 90 = 0. Let c = r + 11. Let m = 1 - c. List the prime factors of m.
2
Let m(p) = 1. Let r be (-7)/14*(0 + -2). Let d(k) = -k**2 - 9*k + 4. Let o(h) = r*d(h) + 3*m(h). List the prime factors of o(-7).
3, 7
Suppose -5*p + 2*h = -2*p - 279, 0 = 3*p + 2*h - 291. List the prime factors of p.
5, 19
List the prime factors of 3*(-3 + (-105)/(-9)).
2, 13
Suppose 4*s - 120 = -s. Suppose 0 = 4*z + 4 - s. Suppose -2*x + z*x = 33. What are the prime factors of x?
11
Suppose 0 = 2*t + t + 5*d - 46, 0 = -3*t - d + 50. What are the prime factors of t?
17
Let f = 67 - 179. What are the prime factors of -1 + -2 + f/(-4)?
5
Let y(g) = 8*g**2 + 13*g - 1. What are the prime factors of y(4)?
179
Suppose -x - 3 = -2*x. Suppose 0*l + x*l - 57 = 0. What are the prime factors of l?
19
Let b(g) = -2*g + 3. Let l(i) = -2*i + 4. Let d(r) = 5*b(r) - 6*l(r). What are the prime factors of d(9)?
3
Let s(g) = -1 - g**3 + 9 + 5*g - 9*g**2 + 6*g. Let f be s(-10). List the prime factors of ((-3)/f)/((-12)/(-56)).
7
Suppose -5*n - 30 = h - 3*h, 0 = 4*h + 20. Let o = 1 - n. List the prime factors of o.
3
Let o = -2 - -6. Suppose -4*t + g - 7 = 0, 2*g + g + 21 = -2*t. Let y = o - t. List the prime factors of y.
7
Suppose -5*w = -4*k - 8, 0*w + 7 = k + w. Suppose x - k*p = -2*p + 52, 4*p - 121 = -3*x. What are the prime factors of x?
47
Suppose -k = -6*k. Suppose -4 = 2*g - k. List the prime factors of g/9 + (-65)/(-9).
7
Let u(h) = -h**2 - 7*h + 10. Let j be u(-8). Let f(o) = 2*o**2 - 3*o + 3. What are the prime factors of f(j)?
5
Let v(g) = 2*g**2 - 2*g. Let f(j) = 3*j**2 + 2*j - 3. Let m be f(-3). Suppose -4*i - m = -5*i - 3*y, -4*y = 2*i - 26. What are the prime factors of v(i)?
2, 3
Let r(n) = 5*n**2 - 5*n + 5. What are the prime factors of r(2)?
3, 5
Let x be (-4)/14 + (-5110)/(-49). List the prime factors of (x/(-12))/((-2)/6).
2, 13
Let c be (2 + 3)/((-4)/(-4)). Suppose 4*b - 26 = -3*i, -c*b - 10 - 52 = -3*i. Let z = i - -1. List the prime factors of z.
3, 5
Suppose -3*j + 12 = -0. Let y(w) = -w + 6. Let b(q) = 1. Let z(t) = 4*b(t) - y(t). What are the prime factors of z(j)?
2
Let y = 3 - 1. Suppose -y - 1 = m. List the prime factors of m*4/((-36)/39).
13
Suppose j - 72 = -5*m, -2*m = -2*j + 3*m + 84. List the prime factors of j.
2, 13
Suppose 15 = 2*y - 39. Le